usands digit of 47015?
4
What is the ten thousands digit of 10475?
1
What is the units digit of 5843?
3
What is the tens digit of 871?
7
What is the units digit of 40272?
2
What is the hundreds digit of 4916?
9
What is the ten thousands digit of 109512?
0
What is the tens digit of 1515?
1
What is the thousands digit of 1568?
1
What is the tens digit of 14675?
7
What is the tens digit of 1026?
2
What is the hundreds digit of 56398?
3
What is the thousands digit of 68185?
8
What is the units digit of 998?
8
What is the units digit of 57173?
3
What is the units digit of 32?
2
What is the units digit of 14238?
8
What is the units digit of 2262?
2
What is the tens digit of 1124?
2
What is the tens digit of 3407?
0
What is the hundreds digit of 11091?
0
What is the hundreds digit of 108278?
2
What is the units digit of 1126?
6
What is the tens digit of 17360?
6
What is the hundreds digit of 964?
9
What is the tens digit of 3637?
3
What is the hundreds digit of 1946?
9
What is the tens digit of 824?
2
What is the ten thousands digit of 15744?
1
What is the units digit of 34097?
7
What is the tens digit of 15740?
4
What is the tens digit of 69?
6
What is the units digit of 4975?
5
What is the thousands digit of 33091?
3
What is the units digit of 9831?
1
What is the thousands digit of 9868?
9
What is the hundreds digit of 2891?
8
What is the units digit of 25381?
1
What is the units digit of 202?
2
What is the hundreds digit of 9496?
4
What is the units digit of 49467?
7
What is the thousands digit of 9388?
9
What is the tens digit of 13950?
5
What is the tens digit of 100239?
3
What is the thousands digit of 16588?
6
What is the units digit of 3605?
5
What is the units digit of 3405?
5
What is the hundreds digit of 2771?
7
What is the hundreds digit of 257?
2
What is the units digit of 136?
6
What is the tens digit of 88403?
0
What is the units digit of 33317?
7
What is the ten thousands digit of 29596?
2
What is the hundreds digit of 21750?
7
What is the hundreds digit of 10245?
2
What is the ten thousands digit of 36797?
3
What is the units digit of 2297?
7
What is the tens digit of 991?
9
What is the units digit of 43?
3
What is the ten thousands digit of 12764?
1
What is the tens digit of 451?
5
What is the units digit of 49528?
8
What is the tens digit of 3671?
7
What is the units digit of 25505?
5
What is the tens digit of 7071?
7
What is the tens digit of 60?
6
What is the units digit of 7128?
8
What is the thousands digit of 1236?
1
What is the units digit of 3466?
6
What is the hundreds digit of 55612?
6
What is the tens digit of 80787?
8
What is the tens digit of 437?
3
What is the tens digit of 59210?
1
What is the tens digit of 1425?
2
What is the thousands digit of 23659?
3
What is the units digit of 6279?
9
What is the units digit of 1213?
3
What is the thousands digit of 11167?
1
What is the hundreds digit of 2753?
7
What is the thousands digit of 4970?
4
What is the hundreds digit of 5202?
2
What is the units digit of 1100?
0
What is the hundreds digit of 15739?
7
What is the hundreds digit of 27397?
3
What is the tens digit of 9324?
2
What is the hundreds digit of 5639?
6
What is the thousands digit of 10414?
0
What is the units digit of 1735?
5
What is the thousands digit of 17071?
7
What is the hundreds digit of 7130?
1
What is the thousands digit of 71208?
1
What is the thousands digit of 2308?
2
What is the tens digit of 23842?
4
What is the hundreds digit of 1599?
5
What is the hundreds digit of 8084?
0
What is the tens digit of 23900?
0
What is the tens digit of 493?
9
What is the tens digit of 74855?
5
What is the hundreds digit of 3376?
3
What is the units digit of 25882?
2
What is the thousands digit of 37989?
7
What is the tens digit of 11411?
1
What is the hundreds digit of 3235?
2
What is the ten thousands digit of 106980?
0
What is the units digit of 56?
6
What is the hundreds digit of 870?
8
What is the tens digit of 1278?
7
What is the units digit of 32790?
0
What is the units digit of 5260?
0
What is the units digit of 1960?
0
What is the units digit of 830?
0
What is the thousands digit of 3668?
3
What is the tens digit of 61459?
5
What is the units digit of 18601?
1
What is the units digit of 238?
8
What is the units digit of 9857?
7
What is the thousands digit of 7641?
7
What is the tens digit of 48233?
3
What is the tens digit of 74676?
7
What is the units digit of 15085?
5
What is the ten thousands digit of 35446?
3
What is the ten thousands digit of 24420?
2
What is the thousands digit of 1293?
1
What is the thousands digit of 10127?
0
What is the units digit of 3901?
1
What is the hundreds digit of 2403?
4
What is the tens digit of 14675?
7
What is the hundreds digit of 5774?
7
What is the ten thousands digit of 50330?
5
What is the ten thousands digit of 22455?
2
What is the tens digit of 5115?
1
What is the hundreds digit of 1447?
4
What is the units digit of 357?
7
What is the tens digit of 620?
2
What is the thousands digit of 174681?
4
What is the hundreds digit of 3847?
8
What is the thousands digit of 5520?
5
What is the units digit of 75192?
2
What is the thousands digit of 11877?
1
What is the ten thousands digit of 75262?
7
What is the thousands digit of 1147?
1
What is the units digit of 46773?
3
What is the tens digit of 22578?
7
What is the units digit of 10862?
2
What is the tens digit of 392?
9
What is the hundred thousands digit of 104930?
1
What is the hundreds digit of 39931?
9
What is the ten thousands digit of 12517?
1
What is the thousands digit of 5980?
5
What is the units digit of 20611?
1
What is the tens digit of 86419?
1
What is the units digit of 23876?
6
What is the tens digit of 9038?
3
What is the thousands digit of 3181?
3
What is the tens digit of 3020?
2
What is the units digit of 26535?
5
What is the hundreds digit of 973?
9
What is the tens digit of 391?
9
What is the tens digit of 6968?
6
What is the hundreds digit of 52186?
1
What is the thousands digit of 42320?
2
What is the units digit of 26500?
0
What is the ten thousands digit of 24297?
2
What is the hundreds digit of 93687?
6
What is the tens digit of 11414?
1
What is the ten thousands digit of 30950?
3
What is the thousands digit of 3503?
3
What is the ten thousands digit of 107825?
0
What is the hundreds digit of 16990?
9
What is the thousands digit of 12147?
2
What is the hundreds digit of 12281?
2
What is the hundreds digit of 3605?
6
What is the units digit of 60890?
0
What is the hundreds digit of 6379?
3
What is the tens digit of 3464?
6
What is the tens digit of 47081?
8
What is the ten thousands digit of 22935?
2
What is the units digit of 3739?
9
What is the thousands digit of 6205?
6
What is the hundreds digit of 1213?
2
What is the tens digit of 3003?
0
What is the units digit of 22464?
4
What is the thousands digit of 1555?
1
What is the tens digit of 892?
9
What is the units digit of 36436?
6
What is the tens digit of 2871?
7
What is the hundreds digit of 24265?
2
What is the tens digit of 856?
5
What is the hundreds digit of 5691?
6
What is the units digit of 2551?
1
What is the tens digit of 6549?
4
What is the hundreds digit of 4012?
0
What is the tens digit of 3924?
2
What is the ten thousands digit of 52941?
5
What is the hundreds digit of 97866?
8
What is the tens digit of 9477?
7
What is the tens digit of 4927?
2
What is the hundreds digit of 324?
3
What is the thousands digit of 17846?
7
What is the thousands digit of 100308?
0
What is the units digit of 28132?
2
What is the tens digit of 2777?
7
What is the units digit of 1595?
5
What is the tens digit of 722?
2
What is the thousands digit of 9570?
9
What is the units digit of 5886?
6
What is the tens digit of 3810?
1
What is the hundreds digit of 219?
2
What is the units digit of 1601?
1
What is the units digit of 118525?
5
What is the units digit of 60922?
2
What is the units digit of 8210?
0
What is the tens digit of 488?
8
What is the tens digit of 946?
4
What is the units digit of 936?
6
What is the hundreds digit of 14422?
4
What is the ten thousands digit of 28592?
2
What is the thousands digit of 10575?
0
What is the tens digit of 10152?
5
What is the hundreds digit of 537?
5
What is the units digit of 3059?
9
What is the ten thousan